at are the prime factors of 22455?
3, 5, 499
What are the prime factors of 3224?
2, 13, 31
List the prime factors of 8721.
3, 17, 19
List the prime factors of 17658.
2, 3, 109
What are the prime factors of 2348?
2, 587
List the prime factors of 760.
2, 5, 19
List the prime factors of 1978.
2, 23, 43
What are the prime factors of 173?
173
What are the prime factors of 32116?
2, 7, 31, 37
What are the prime factors of 7446?
2, 3, 17, 73
List the prime factors of 999.
3, 37
List the prime factors of 17907.
3, 47, 127
What are the prime factors of 2282?
2, 7, 163
What are the prime factors of 450?
2, 3, 5
What are the prime factors of 3327?
3, 1109
What are the prime factors of 411?
3, 137
List the prime factors of 797.
797
What are the prime factors of 1015?
5, 7, 29
List the prime factors of 2391.
3, 797
What are the prime factors of 93376?
2, 1459
What are the prime factors of 1904?
2, 7, 17
What are the prime factors of 4164?
2, 3, 347
List the prime factors of 22440.
2, 3, 5, 11, 17
What are the prime factors of 2600?
2, 5, 13
What are the prime factors of 2589?
3, 863
List the prime factors of 5817.
3, 7, 277
What are the prime factors of 1553?
1553
What are the prime factors of 4262?
2, 2131
List the prime factors of 638.
2, 11, 29
List the prime factors of 139975.
5, 11, 509
What are the prime factors of 27437?
27437
What are the prime factors of 63?
3, 7
List the prime factors of 24880.
2, 5, 311
List the prime factors of 35893.
11, 13, 251
List the prime factors of 88.
2, 11
List the prime factors of 65850.
2, 3, 5, 439
What are the prime factors of 1881?
3, 11, 19
List the prime factors of 1085.
5, 7, 31
List the prime factors of 21952.
2, 7
List the prime factors of 4120.
2, 5, 103
What are the prime factors of 2641?
19, 139
What are the prime factors of 2118?
2, 3, 353
What are the prime factors of 693?
3, 7, 11
What are the prime factors of 2338?
2, 7, 167
What are the prime factors of 2896?
2, 181
List the prime factors of 32063.
32063
What are the prime factors of 1414?
2, 7, 101
List the prime factors of 1148.
2, 7, 41
What are the prime factors of 13687?
13687
List the prime factors of 60318.
2, 3, 1117
What are the prime factors of 20067?
3, 6689
What are the prime factors of 7061?
23, 307
What are the prime factors of 1046?
2, 523
What are the prime factors of 53655?
3, 5, 7, 73
List the prime factors of 23288.
2, 41, 71
List the prime factors of 46847.
79, 593
What are the prime factors of 30174?
2, 3, 47, 107
What are the prime factors of 6088?
2, 761
List the prime factors of 494.
2, 13, 19
List the prime factors of 46775.
5, 1871
List the prime factors of 8745.
3, 5, 11, 53
What are the prime factors of 2021?
43, 47
List the prime factors of 9141.
3, 11, 277
What are the prime factors of 28393?
28393
What are the prime factors of 154875?
3, 5, 7, 59
List the prime factors of 18466.
2, 7, 1319
List the prime factors of 11524.
2, 43, 67
List the prime factors of 4688.
2, 293
What are the prime factors of 1616?
2, 101
What are the prime factors of 3155?
5, 631
What are the prime factors of 12997?
41, 317
What are the prime factors of 145?
5, 29
What are the prime factors of 9868?
2, 2467
List the prime factors of 798.
2, 3, 7, 19
List the prime factors of 4291.
7, 613
List the prime factors of 98176.
2, 13, 59
List the prime factors of 224.
2, 7
List the prime factors of 494.
2, 13, 19
What are the prime factors of 86740?
2, 5, 4337
List the prime factors of 9703.
31, 313
List the prime factors of 5059.
5059
What are the prime factors of 400?
2, 5
List the prime factors of 46437.
3, 23, 673
List the prime factors of 5229.
3, 7, 83
List the prime factors of 723.
3, 241
What are the prime factors of 10301?
10301
List the prime factors of 824.
2, 103
List the prime factors of 575.
5, 23
What are the prime factors of 2142?
2, 3, 7, 17
What are the prime factors of 26787?
3, 8929
What are the prime factors of 6468?
2, 3, 7, 11
List the prime factors of 46524.
2, 3, 3877
List the prime factors of 19875.
3, 5, 53
What are the prime factors of 7019?
7019
List the prime factors of 6256.
2, 17, 23
List the prime factors of 25409.
25409
What are the prime factors of 65246?
2, 17, 19, 101
List the prime factors of 1806.
2, 3, 7, 43
List the prime factors of 2805.
3, 5, 11, 17
What are the prime factors of 39792?
2, 3, 829
What are the prime factors of 6895?
5, 7, 197
List the prime factors of 6221.
6221
List the prime factors of 6819.
3, 2273
What are the prime factors of 27136?
2, 53
List the prime factors of 2051.
7, 293
List the prime factors of 12280.
2, 5, 307
List the prime factors of 41591.
11, 19, 199
List the prime factors of 3471.
3, 13, 89
What are the prime factors of 44659?
17, 37, 71
List the prime factors of 1352.
2, 13
What are the prime factors of 10634?
2, 13, 409
List the prime factors of 17647.
7, 2521
What are the prime factors of 7201?
19, 379
What are the prime factors of 33139?
31, 1069
List the prime factors of 42756.
2, 3, 7, 509
List the prime factors of 1363.
29, 47
List the prime factors of 429.
3, 11, 13
What are the prime factors of 35548?
2, 8887
List the prime factors of 387.
3, 43
What are the prime factors of 3940?
2, 5, 197
What are the prime factors of 2048?
2
What are the prime factors of 8329?
8329
List the prime factors of 19921.
11, 1811
What are the prime factors of 59819?
41, 1459
List the prime factors of 50.
2, 5
List the prime factors of 16242.
2, 3, 2707
List the prime factors of 84.
2, 3, 7
What are the prime factors of 9297?
3, 1033
What are the prime factors of 7043?
7043
What are the prime factors of 2420?
2, 5, 11
What are the prime factors of 8046?
2, 3, 149
List the prime factors of 46712.
2, 5839
What are the prime factors of 169338?
2, 3, 13, 167
List the prime factors of 1142.
2, 571
What are the prime factors of 5148?
2, 3, 11, 13
What are the prime factors of 12466?
2, 23, 271
List the prime factors of 10615.
5, 11, 193
List the prime factors of 8827.
7, 13, 97
List the prime factors of 2499.
3, 7, 17
What are the prime factors of 1554?
2, 3, 7, 37
List the prime factors of 851.
23, 37
List the prime factors of 6386.
2, 31, 103
What are the prime factors of 3963?
3, 1321
List the prime factors of 52816.
2, 3301
List the prime factors of 49047.
3, 16349
What are the prime factors of 1641?
3, 547
What are the prime factors of 460?
2, 5, 23
List the prime factors of 11002.
2, 5501
What are the prime factors of 298?
2, 149
List the prime factors of 536.
2, 67
What are the prime factors of 3580?
2, 5, 179
List the prime factors of 126.
2, 3, 7
List the prime factors of 884.
2, 13, 17
What are the prime factors of 1325?
5, 53
What are the prime factors of 9532?
2, 2383
What are the prime factors of 7077?
3, 7, 337
List the prime factors of 2360.
2, 5, 59
What are the prime factors of 40542?
2, 3, 29, 233
What are the prime factors of 2694?
2, 3, 449
List the prime factors of 5165.
5, 1033
What are the prime factors of 9087?
3, 13, 233
List the prime factors of 579.
3, 193
List the prime factors of 10096.
2, 631
What are the prime factors of 9911?
11, 17, 53
List the prime factors of 36700.
2, 5, 367
What are the prime factors of 928?
2, 29
What are the prime factors of 14023?
37, 379
What are the prime factors of 111768?
2, 3, 4657
What are the prime factors of 20670?
2, 3, 5, 13, 53
What are the prime factors of 1725?
3, 5, 23
What are the prime factors of 61771?
223, 277
What are the prime factors of 523?
523
List the prime factors of 120.
2, 3, 5
What are the prime factors of 8941?
8941
List the prime factors of 26729.
26729
List the prime factors of 23293.
23293
List the prime factors of 44437.
37, 1201
List the prime factors of 1520.
2, 5, 19
List the prime factors of 1442.
2, 7, 103
What are the prime factors of 75?
3, 5
List the prime factors of 9224.
2, 1153
List the prime factors of 990.
2, 3, 5, 11
What are the prime factors of 5201?
7, 743
What are the prime factors of 240?
2, 3, 5
What are the prime factors of 12955?
5, 2591
What are the prime factors of 273?
3, 7, 13
What are the prime factors of 775?
5, 31
List the prime factors of 1950.
2, 3, 5, 13
List the prime factors of 606.
2, 3, 101
What are the prime factors of 1035?
3, 5, 23
What are the prime factors of 3914